, 28031
List the prime factors of 2244144119.
7, 59, 5433763
List the prime factors of 196418118.
2, 3, 13, 2518181
List the prime factors of 1254101896.
2, 156762737
What are the prime factors of 592420261?
31, 347, 55073
What are the prime factors of 670631392?
2, 20957231
What are the prime factors of 93158400?
2, 3, 5, 1213
List the prime factors of 70351598.
2, 35175799
What are the prime factors of 16006822?
2, 13, 79, 7793
List the prime factors of 27895904.
2, 173, 5039
What are the prime factors of 61149428?
2, 15287357
What are the prime factors of 239093?
373, 641
What are the prime factors of 2470762?
2, 7, 31, 5693
What are the prime factors of 55151157?
3, 18383719
What are the prime factors of 26670572?
2, 6667643
List the prime factors of 11074665.
3, 5, 7, 29, 3637
What are the prime factors of 26457305?
5, 7, 15427
What are the prime factors of 3106041957?
3, 38346197
What are the prime factors of 815779474?
2, 61, 6686717
What are the prime factors of 44692947?
3, 13, 381991
What are the prime factors of 142663400?
2, 5, 11, 19, 3413
What are the prime factors of 905761789?
905761789
What are the prime factors of 1358297063?
2339, 580717
What are the prime factors of 180834973?
11, 307, 53549
List the prime factors of 776370688.
2, 17, 191, 467
List the prime factors of 6983416214.
2, 8539, 408913
What are the prime factors of 57914577?
3, 7, 59, 15581
What are the prime factors of 1149768491?
1149768491
List the prime factors of 114262406.
2, 17, 3360659
List the prime factors of 2473814423.
181, 13667483
What are the prime factors of 258057096?
2, 3, 11, 547, 1787
What are the prime factors of 2394320510?
2, 5, 1249, 191699
What are the prime factors of 233280095?
5, 811, 57529
List the prime factors of 2844106448.
2, 1583, 112291
What are the prime factors of 1260437452?
2, 193, 1632691
What are the prime factors of 44151606?
2, 3, 2452867
What are the prime factors of 1455150632?
2, 13, 17, 29, 101, 281
What are the prime factors of 7575075?
3, 5, 131, 257
What are the prime factors of 2359567?
7, 337081
What are the prime factors of 325620309?
3, 7, 19, 816091
List the prime factors of 13390070.
2, 5, 379, 3533
List the prime factors of 2496191137.
11, 197, 1151911
What are the prime factors of 109985139?
3, 11, 29, 1321
What are the prime factors of 1083189182?
2, 1301, 416291
List the prime factors of 233462297.
53, 157, 28057
List the prime factors of 2372610031.
11, 29, 53, 140333
List the prime factors of 59841387.
3, 47, 193, 733
What are the prime factors of 114467476?
2, 19, 61, 24691
What are the prime factors of 2680453510?
2, 5, 7, 38292193
List the prime factors of 95607168.
2, 3, 307, 811
What are the prime factors of 1893518666?
2, 13, 72827641
What are the prime factors of 44948712?
2, 3, 523, 3581
List the prime factors of 210011777.
461, 455557
List the prime factors of 250387968.
2, 3, 17, 43, 223
List the prime factors of 943340.
2, 5, 101, 467
What are the prime factors of 78640510?
2, 5, 13, 59, 10253
List the prime factors of 171576772.
2, 1427, 30059
List the prime factors of 988714147.
24481, 40387
What are the prime factors of 571132488?
2, 3, 283, 84089
What are the prime factors of 1600048430?
2, 5, 160004843
List the prime factors of 86355199.
7, 61, 167, 173
List the prime factors of 1141070487.
3, 211, 1061, 1699
List the prime factors of 25811558.
2, 1721, 7499
What are the prime factors of 363387612?
2, 3, 7, 83, 52121
List the prime factors of 170455364.
2, 1879, 22679
List the prime factors of 2872812211.
281, 2749, 3719
List the prime factors of 39705790.
2, 5, 3970579
What are the prime factors of 224607839?
653, 343963
What are the prime factors of 7623734?
2, 149, 25583
List the prime factors of 1240393.
7, 11, 89, 181
List the prime factors of 940264829.
7, 134323547
List the prime factors of 1441805500.
2, 5, 19, 151769
What are the prime factors of 2290486627?
11, 13, 16017389
List the prime factors of 2013537660.
2, 3, 5, 359, 93479
What are the prime factors of 1759929230?
2, 5, 175992923
List the prime factors of 1085266791.
3, 7, 17, 1013321
List the prime factors of 2476762092.
2, 3, 7, 37, 109, 2437
What are the prime factors of 11061488?
2, 691343
List the prime factors of 2420421.
3, 806807
What are the prime factors of 179701551?
3, 59, 112807
List the prime factors of 909291060.
2, 3, 5, 5051617
List the prime factors of 90855483.
3, 30285161
What are the prime factors of 1180386116?
2, 7, 13, 641, 5059
What are the prime factors of 194813138?
2, 13, 61, 122833
What are the prime factors of 279539204?
2, 7, 9983543
What are the prime factors of 1169854189?
7, 41, 1787, 2281
What are the prime factors of 3277790885?
5, 43, 73, 208843
List the prime factors of 753096988.
2, 7, 523, 51427
What are the prime factors of 1743364520?
2, 5, 37, 1177949
What are the prime factors of 388163664?
2, 3, 7, 42787
What are the prime factors of 543275685?
3, 5, 12072793
List the prime factors of 2930585781.
3, 971, 1006037
What are the prime factors of 749206864?
2, 7, 17, 67, 839
List the prime factors of 254173033.
254173033
List the prime factors of 639746117.
127, 5037371
What are the prime factors of 725653154?
2, 59, 6149603
What are the prime factors of 14923824?
2, 3, 17, 18289
List the prime factors of 216086079.
3, 11, 953, 6871
What are the prime factors of 1258823897?
1258823897
List the prime factors of 1015409773.
7, 23, 6306893
What are the prime factors of 164565948?
2, 3, 13713829
List the prime factors of 40410795.
3, 5, 2694053
List the prime factors of 194384071.
7, 29, 957557
List the prime factors of 43055223.
3, 14351741
List the prime factors of 60342009.
3, 7, 13, 67, 3299
What are the prime factors of 38658657?
3, 1579, 8161
What are the prime factors of 22064818?
2, 11032409
What are the prime factors of 357395232?
2, 3, 3722867
List the prime factors of 378884061.
3, 47, 99523
What are the prime factors of 21593736?
2, 3, 99971
List the prime factors of 944883265.
5, 71, 2661643
List the prime factors of 521645026.
2, 7, 37260359
List the prime factors of 423265.
5, 84653
List the prime factors of 66081227.
17, 29, 134039
List the prime factors of 38771494.
2, 19385747
List the prime factors of 583622768.
2, 617, 59119
What are the prime factors of 8321690?
2, 5, 13, 64013
List the prime factors of 71908101.
3, 881, 3023
What are the prime factors of 4404054794?
2, 2202027397
List the prime factors of 67245623.
67245623
What are the prime factors of 1229111398?
2, 23, 43, 27017
What are the prime factors of 131106254?
2, 31, 1129, 1873
What are the prime factors of 155650687?
5441, 28607
List the prime factors of 44115677.
44115677
What are the prime factors of 970269652?
2, 11, 22051583
What are the prime factors of 157863774?
2, 3, 103, 255443
What are the prime factors of 295087222?
2, 147543611
List the prime factors of 29379523.
29, 89, 11383
List the prime factors of 2192284670.
2, 5, 181, 1211207
List the prime factors of 6066578557.
13, 466659889
What are the prime factors of 426842962?
2, 7, 13, 223, 809
What are the prime factors of 25101467?
25101467
What are the prime factors of 44313315?
3, 5, 1097, 2693
List the prime factors of 1268744032.
2, 23, 1723837
List the prime factors of 283365229.
7, 109, 371383
List the prime factors of 130426375.
5, 53, 19687
List the prime factors of 1201818303.
3, 7, 2119609
List the prime factors of 582394558.
2, 2467, 118037
List the prime factors of 1135177869.
3, 7, 54056089
List the prime factors of 11372947.
11372947
What are the prime factors of 5781899?
67, 86297
What are the prime factors of 1298971425?
3, 5, 17319619
List the prime factors of 5995365950.
2, 5, 7, 17129617
What are the prime factors of 168179464?
2, 31, 223, 3041
List the prime factors of 118457981.
23, 5150347
What are the prime factors of 2370359499?
3, 790119833
List the prime factors of 72105060.
2, 3, 5, 41, 29311
What are the prime factors of 155701410?
2, 3, 5, 5190047
List the prime factors of 8180807327.
7, 11, 106244251
List the prime factors of 114014290.
2, 5, 13, 709, 1237
List the prime factors of 6592889721.
3, 11, 281, 710977
List the prime factors of 2944116424.
2, 19, 29, 667903
What are the prime factors of 127162